 25. Let x(t) = v*j(t) - 6*c(t). Determine x(0).
-31
Let l(z) = z + 70. Let b(j) = -22. Let r(n) = -5*b(n) - l(n). Calculate r(-28).
68
Let p(s) = -2*s**2 + 7*s - 1. Let h = 20 - 15. Suppose h*g + 2*w = -22, 3*g + 0*w - 2*w = -26. Let k be (-13 + 1 - -2)*g/12. What is p(k)?
-16
Let i(b) = -b**3 - 7*b**2 + b + 9. Let r be i(-7). Let j(s) = 26*s**r + 13 - s - 46*s**2 + 21*s**2. Let z = 0 + 0. What is j(z)?
13
Let v(b) be the first derivative of 2*b**2 - 3*b - 1/3*b**3 + 59. Let i be 1 + 1 + 3 + -2. Calculate v(i).
0
Let h(w) = 21*w - 83. Let f(l) = 19*l - 82. Let u(g) = -13*f(g) + 12*h(g). Determine u(-8).
30
Let i(s) be the second derivative of s**4/12 + 16*s**3/3 - 3*s**2/2 + 2639*s. What is i(-32)?
-3
Let l(o) = o**3 + 0 + 6*o**2 + 4*o + 0 + 2. Suppose 5*p - 5 = 0, -t + 6*p = p + 9. Let s be (t/(-10))/((-6)/(-4 + 34)). Calculate l(s).
10
Let y(k) = -2*k**2 - 28*k + 51. Let l(a) = -a**2 - 3*a + 3. Let s(u) = -3*l(u) + y(u). What is s(15)?
-18
Let m(s) = -6*s**2 + 2*s - 2. Let k(v) = -13*v**2 - 2*v - 21. Let n(h) = -k(h) + 2*m(h). What is n(-5)?
12
Let d(i) = i**2 - 72*i + 34. Let c(b) = b**2 - 100*b + 35. Let t(r) = -2*c(r) + 3*d(r). Calculate t(14).
4
Let n(r) = 2*r**3 - 7*r**2 - 25*r - 3. Let k be n(6). Suppose 4*d = -x + k, -6*x + 9*x - 27 = -3*d. Let c(y) = -y**3 + 8*y**2 - 9*y + 1. Calculate c(d).
19
Let n be (-28)/2 - (-4 + 11 + (-12 - 2)). Let d(b) = 33*b + 250. Determine d(n).
19
Let z(h) = 31*h**2 - 14*h**2 - 357 + 28*h + 406 - 14*h**2. Calculate z(-7).
0
Let k(b) be the third derivative of b**6/360 + b**5/24 - b**4/6 + 23*b**3/2 + 4*b**2 + 11. Let u(m) be the first derivative of k(m). Determine u(-5).
-4
Let s be -3*(-2)/18 - 676/156. Let d(r) be the second derivative of -r**5/20 - 5*r**4/12 - 2*r**3/3 + 3*r**2/2 + 3*r. Determine d(s).
3
Let w(r) = -13*r + 14. Let a(m) = -9*m + 15. Let k(f) = -3*a(f) + 2*w(f). Let g be 540/34 - 14/(-119). What is k(g)?
-1
Suppose 0 = -l + 2*l + 2*j + 2, 5*l - 3*j = 29. Let f(b) = l - 3 + 48*b - 41*b. Let v(a) = a - 1. Let w(z) = -f(z) + 6*v(z). What is w(-7)?
0
Let n(k) = 4*k - 1. Let z be ((-62)/(-93))/(487/(-243) - -2). Let h = z - -166. Determine n(h).
15
Let p(x) = -2*x**3 - 10*x**2 + 6*x + 1. Let i(t) = 3*t**3 + 20*t**2 - 13*t - 2. Let d(z) = -3*i(z) - 5*p(z). Let m = 4 + 5. What is d(m)?
1
Let i(j) = -j - 1. Let w(h) = 3*h**2 + h - 31. Let u(q) = -q**2 + 14. Let p(k) = 5*u(k) + 2*w(k). Let r(c) = -5*i(c) - p(c). Give r(7).
-31
Let q(f) = 4*f - 2. Let k be q(4). Suppose 2*n + k = -0*n + 5*c, -5*n + c = 35. Let o(m) = -6*m - 8*m**2 + 6 + 5098*m**3 + 5127*m**3 - 10226*m**3. Give o(n).
-1
Let a be (-3213)/34*(-8)/6. Let x = a - 55. Let v(u) = 5 - 40*u - u**2 - 37*u + x*u. Determine v(-6).
5
Let x(s) = 2*s - 2. Suppose 0 = 98*k + 6*k + 728. Give x(k).
-16
Let v = 62 + -62. Suppose 0*q = 3*u + q - 36, v = -3*u - 4*q + 27. Let b(p) = -22 + 2*p + u + 14. Determine b(-5).
-5
Let v(r) = 5*r**2 + 3*r + 3. Let o(u) = -2*u**2 - u - 1. Let k(b) = -11*o(b) - 4*v(b). Let n = -18 + 24. Let j be (n - 7)*(2 + -1). Calculate k(j).
2
Let v be 9 + 3/6*-2. Let u be (-3)/12 - 14/v. Let d(o) be the third derivative of o**5/60 - o**3/3 - 34*o**2 + 5*o. Give d(u).
2
Let g(y) = y**3 + y + 11. Let z be (1 - 0 - 237)*36/(-24). Suppose 2*i - 3*w - 233 = -2*w, -3*i = 3*w - z. Let c = i - 117. What is g(c)?
11
Let s(f) = 74*f + 42. Let n(p) = 37*p + 24. Let r(y) = 5*n(y) - 3*s(y). Determine r(3).
-117
Let q(c) = -2*c**2 + 16*c - 4. Let d be (4/(-10))/((-12)/(-120))*-2. Determine q(d).
-4
Let y(q) be the second derivative of -q**5/20 + 7*q**4/4 + 23*q**3/6 - 6*q**2 - 9204*q. What is y(22)?
10
Let a(d) = -9*d + 20. Suppose 4*b = -q + 7, -b - 10*q - 7 = -8*q. Let f be a(b). Let h(u) = u**3 + 7*u**2 - 3*u. Calculate h(f).
21
Let l(v) be the third derivative of -v**5/30 - 31*v**4/12 + 68*v**3/3 + 1032*v**2 - 2. Determine l(-33).
4
Let a(g) = g**2 + 61*g + 285. Let v be a(-5). Let q(p) = 25*p + 12. Give q(v).
137
Let v(i) be the second derivative of i**4/12 - 29*i**3/6 + 84*i**2 - 2790*i. Give v(20).
-12
Let j(g) be the second derivative of -7*g**3/6 - 3*g**2/2 + 344*g - 2. Give j(4).
-31
Suppose 0 = -4*i + 375*t - 373*t + 28, 14 = -i - t. Let s(z) = z**2 + z - 3*z**2 - 25 + z**2. Give s(i).
-25
Let x = -192 - -614. Let u = -423 + x. Let a(p) = 14*p**3 - p**2 + p + 1. Determine a(u).
-15
Let q(x) be the second derivative of x**3/6 - 33*x**2/2 - 38*x + 14. Determine q(19).
-14
Let t(c) be the first derivative of 2*c**3/3 - 9*c**2/2 + c + 804. Determine t(4).
-3
Let i be 840/(-48)*4*(-26)/4. Let f(o) = 9*o - 464 - i + o**2 + 922. What is f(-6)?
-15
Let k = 20689 + -20694. Let o(x) = -4 - 4*x - 2*x - 2*x**2 + 9. What is o(k)?
-15
Suppose n - d = -2 + 12, n + 2*d = 4. Let v(g) = 9*g**2 + 7 - 8*g - 4*g - n*g**2. Give v(9).
-20
Let p(t) = -t + 9. Let k(z) = -13 + 5 + 4*z - 3*z. Let m = -4727 + 4732. Let w(x) = m*k(x) + 4*p(x). What is w(6)?
2
Let v(b) be the second derivative of -11*b**5/20 + b**4/12 + 5*b**3/6 + 2*b**2 - 5*b - 917. What is v(-1)?
11
Let o(c) be the third derivative of -39*c**2 + 0 + 7/12*c**4 + 0*c**3 + 0*c + 1/720*c**6 + 7/120*c**5. Let z(v) be the second derivative of o(v). Give z(-7).
0
Let p(t) = -712*t - 3560. Let h be p(-5). Let w(x) = -x**2 - 9*x - 12. What is w(h)?
-12
Suppose 5*p - 3*m - 14 = 0, -53*m = 4*p - 48*m + 48. Let f(s) = 18*s**2 + 8*s - 2. Give f(p).
54
Let l(f) = -3*f - 6. Suppose -9 + 1 = 4*q. Let i(x) = 13*x + 25. Let j(v) = q*i(v) - 9*l(v). Let g(n) = n + 1. Let w(k) = -12*g(k) + 3*j(k). Calculate w(-1).
9
Let v(k) = -7*k + 21. Let q(z) = -3*z + 10. Let s(f) = -13*q(f) + 6*v(f). Let r be s(-10). Suppose r*p = 27*p - 6. Let w(j) = j - 8. What is w(p)?
-2
Let d = -3681 - -3681. Let p(t) = -8*t + 18. What is p(d)?
18
Let r = 366 - 254. Suppose -r = -s - 15*s. Let l(p) = -2*p + 6. Calculate l(s).
-8
Let f be 6/(-4)*(-154)/(-9933)*344. Let q(c) = -2*c**2 - 7*c - 7. Let t(p) = p**2 + p - 1. Let i(m) = q(m) + t(m). Give i(f).
-24
Let r(o) = 7*o - 22. Let h be r(4). Let f(t) = -4 + 13 - 6 - h*t. Give f(5).
-27
Let w(x) be the third derivative of x**4/6 + x**3/2 + 14*x**2 - 6*x. Give w(-4).
-13
Let c be (-1)/((-6)/108*6). Let v(x) = -2*x**2 + 6*x - 1. What is v(c)?
-1
Let q(h) = 680*h**2 - 1370*h**2 + 1 + 688*h**2. Suppose k + 0*k - 10 = 3*j, -5*j - 10 = 5*k. Calculate q(k).
-1
Let p(l) be the third derivative of -7*l**5/60 - l**4/2 - l**3/2 + 3*l**2 - 6*l + 73. Calculate p(-2).
-7
Let d(b) be the first derivative of -13 + 1/3*b**3 + 1/4*b**4 + 0*b - 1/30*b**5 + 17/2*b**2. Let t(k) be the second derivative of d(k). Calculate t(5).
-18
Let j(u) be the second derivative of -u**4/12 + 8*u**3/3 + u**2 - 2*u - 569. Calculate j(15).
17
Let u(t) be the second derivative of -t**5/10 - t**4/12 - 5*t**2/2 - 71*t + 1. Calculate u(-2).
7
Let n = -55 - -61. Let o(p) = -11*p - 2*p - 7 + n. Give o(-1).
12
Let i(t) = 13*t - 199. Let q(y) = 38*y - 551. Let c(n) = 11*i(n) - 4*q(n). Determine c(3).
-12
Let i(m) = 40*m + 662 - 340 - 194. Determine i(-3).
8
Let g(k) = -6*k - 4. Let f be 3*(-8)/60 - (-4)/10. Let l(j) = -j**2 - 2*j - 3. Let t be l(f). Determine g(t).
14
Let h(o) = -3 + o**2 + o**2 + 0*o**2 + 2*o. Let t(r) = -r**3 + 92*r**2 + 275*r + 947. Let j be t(95). What is h(j)?
9
Let d(q) = -176*q + 5. Let n(b) = 211*b - 6. Let m(i) = 6*d(i) + 5*n(i). What is m(1)?
-1
Let l(s) = s**2 + 2*s - 110. Suppose 4*r - 3*y - 108 = -174, 6*r - 2*y = -84. Calculate l(r).
10
Let x = 36 + -22. Let k(n) = 2*n**2 + 1 - 5*n - 8*n - 4*n + x*n. Let s be 20/11 + (-30)/(-165) + 0. What is k(s)?
3
Let z(u) = 28*u + 143. Let t be z(-5). Let v(a) = 2*a**2 + 4. Give v(t).
22
Let u = 65 - 71. Let w be u/(1/(-7) + 0). Let x = w - 37. Let a(r) = r**3 - 4*r**2 - r + 2. What is a(x)?
22
Let v(y) = 5*y - 39. Let p be v(8). Let u(a) = -p + 9*a + 6 - 3 + 0. What is u(-1)?
-7
Let h = -594 + 626. Let y(t) = -1 + 2*t - 30*t**2 - h*t**2 - 7*t**3 + 61*t**2. Give y(1).
-7
Let x(p) = 11*p - 11. Let o(j) = -20*j + 21. Let d(m) = 6*o(m) + 11*x(m). Let s be 9/(-5)*(9 - 4). What is d(s)?
-4
Let p(r) = 65 - 191 + 56 + 57 - 3*r. Calculate p(6).
-31
Let s(v) = v**2 - 10*v + 7. Suppose 0 = f + 2*f + 12. Let a be (50/8)/(f/(-16)). Let j = 35 - a. Calculate s(j).
7
Let l(f) be the third derivative of -f**4/24 + 5*f**3/3 - 2*f**2 + 2*f + 14. What is l(7)?
3
Suppose 4*